{"id":1236,"date":"2016-08-17T10:23:57","date_gmt":"2016-08-17T09:23:57","guid":{"rendered":"http:\/\/www.ci-api.stage2.goodshape.cz\/?page_id=1236"},"modified":"2019-06-18T15:10:46","modified_gmt":"2019-06-18T13:10:46","slug":"faq-program-inovace-projekt-na-ochranu-prav-prumysloveho-vlastnictvi","status":"publish","type":"page","link":"https:\/\/apiagentura.gov.cz\/cs\/faq\/faq-program-inovace-projekt-na-ochranu-prav-prumysloveho-vlastnictvi\/","title":{"rendered":"FAQ &#8211; Program Inovace &#8211; Projekt na ochranu pr\u00e1v pr\u016fmyslov\u00e9ho vlastnictv\u00ed"},"content":{"rendered":"<p><\/p>\n<ul>\n<li style=\"text-align: left;\"><strong>V jak\u00fdch odv\u011btv\u00ed mohou b\u00fdt projekty realizov\u00e1ny?<\/strong><\/li>\n<\/ul>\n<p style=\"text-align: left;\">V\u00a0r\u00e1mci programu INOVACE &#8211; Projekty na ochranu pr\u00e1v pr\u016fmyslov\u00e9ho vlastnictv\u00ed nen\u00ed stanoveno \u017e\u00e1dn\u00e9 odv\u011btvov\u00e9 omezen\u00ed nad r\u00e1mec na\u0159\u00edzen\u00ed Evropsk\u00e9 komise uveden\u00e9ho v\u00a0programu. Podporov\u00e1ny nejsou pouze projekty s\u00a0v\u00fdstupy v\u00a0zem\u011bd\u011blstv\u00ed, lesnictv\u00ed, rybolovu akvakultu\u0159e (CZ-NACE A 01, A 02, A 03) a v\u00fdroba, zpracov\u00e1n\u00ed a uv\u00e1d\u011bn\u00ed na trh v\u00fdrobk\u016f uveden\u00fdch\u00a0v\u00a0P\u0159\u00edloze I Smlouvy o EU.<\/p>\n<ul style=\"text-align: left;\">\n<li style=\"text-align: justify;\"><strong>Kdo m\u016f\u017ee b\u00fdt \u017eadatelem?<\/strong><\/li>\n<\/ul>\n<p style=\"text-align: left;\">\u017dadatelem mohou b\u00fdt mal\u00e9 a st\u0159edn\u00ed podniky, podnikaj\u00edc\u00ed fyzick\u00e9 osoby, ve\u0159ejn\u00e9 v\u00fdzkumn\u00e9 instituce, vysok\u00e9 \u0161koly a ostatn\u00ed instituce terci\u00e1rn\u00edho vzd\u011bl\u00e1v\u00e1n\u00ed.<\/p>\n<ul style=\"text-align: left;\">\n<li style=\"text-align: justify;\"><strong>Kde m\u016f\u017ee b\u00fdt projekt realizov\u00e1n? Op\u011bt plat\u00ed v\u00fdjimka t\u00fdkaj\u00edc\u00ed se pouze Prahy?<\/strong><\/li>\n<\/ul>\n<p style=\"text-align: left;\">Projekt mus\u00ed b\u00fdt realizov\u00e1n na \u00fazem\u00ed \u010cesk\u00e9 republiky mimo \u00fazem\u00ed hl. m. Prahy. U projekt\u016f na ochranu pr\u00e1v pr\u016fmyslov\u00e9ho vlastnictv\u00ed je pro ur\u010den\u00ed m\u00edsta realizace projektu rozhoduj\u00edc\u00ed s\u00eddlo p\u0159\u00edjemce dotace, p\u0159\u00edpadn\u011b adresa pracovi\u0161t\u011b p\u0159\u00edjemce dotace, v r\u00e1mci jeho\u017e \u010dinnosti p\u0159edm\u011bt ochrany pr\u016fmyslov\u00e9ho vlastnictv\u00ed vznikl.<\/p>\n<p style=\"text-align: left;\">Pokud s\u00eddlo \u017eadatele nesouhlas\u00ed s\u00a0m\u00edstem realizace projektu a z\u00e1rove\u0148 se s\u00eddlo \u017eadatele nach\u00e1z\u00ed na \u00fazem\u00ed hl.m. Prahy, je \u017eadatel povinen p\u0159ilo\u017eit k\u00a0pod\u00e1van\u00e9 \u017e\u00e1dosti o podporu \u010cestn\u00e9 prohl\u00e1\u0161en\u00ed, ve kter\u00e9m tuto skute\u010dnost zd\u016fvodn\u00ed.<\/p>\n<ul style=\"text-align: left;\">\n<li style=\"text-align: justify;\"><strong>Jak dlouh\u00e1 historie \u017eadatele je vy\u017eadov\u00e1na?<\/strong><\/li>\n<\/ul>\n<p style=\"text-align: left;\">U v\u00fdzvy VI. je po\u017eadov\u00e1na registrace jako poplatn\u00edka dan\u011b z\u00a0p\u0159\u00edjmu v\u00a0n\u011bkter\u00e9m z\u00a0\u010dlensk\u00fdch st\u00e1t\u016f EU, a to nep\u0159etr\u017eit\u011b nejm\u00e9n\u011b po dobu dvou uzav\u0159en\u00fdch da\u0148ov\u00fdch obdob\u00ed p\u0159edch\u00e1zej\u00edc\u00edch datu pod\u00e1n\u00ed \u017e\u00e1dosti o podporu. Tyto \u00fadaje jsou dostupn\u00e9 obchodn\u00edho \u010di z\u00a0\u017eivnostensk\u00e9ho rejst\u0159\u00edku, nen\u00ed tedy do \u017e\u00e1dosti o podporu vy\u017eadov\u00e1na dal\u0161\u00ed dokumentace.<\/p>\n<ul style=\"text-align: left;\">\n<li style=\"text-align: justify;\"><strong>Jak\u00e9 typy aktivit budou podporov\u00e1ny?<\/strong><\/li>\n<\/ul>\n<p style=\"text-align: left;\">Podporovan\u00fdmi aktivitami je pod\u00e1v\u00e1n\u00ed p\u0159ihl\u00e1\u0161ek vyn\u00e1lez\u016f, d\u00e1le zaji\u0161t\u011bn\u00ed ochrany pr\u016fmyslov\u00e9ho vlastnictv\u00ed ve form\u011b patent\u016f, u\u017eitn\u00fdch vzor\u016f pr\u016fmyslov\u00fdch vzor\u016f a ochrann\u00fdch zn\u00e1mek v\u00a0\u010cR i zahrani\u010d\u00ed.<\/p>\n<ul style=\"text-align: left;\">\n<li style=\"text-align: justify;\"><strong>Jak\u00e9 jsou zp\u016fsobil\u00e9 v\u00fddaje v projektech na ochranu pr\u00e1v pr\u016fmyslov\u00e9ho vlastnictv\u00ed?<\/strong><\/li>\n<\/ul>\n<p style=\"text-align: left;\">Do zp\u016fsobil\u00fdch v\u00fddaj\u016f lze zahrnout v\u00fddaje na slu\u017eby opr\u00e1vn\u011bn\u00fdch z\u00e1stupc\u016f (tzn. v\u00fddaje na slu\u017eby patentov\u00fdch z\u00e1stupc\u016f a advok\u00e1t\u016f spojen\u00e9 s \u0159\u00edzen\u00edm o ud\u011blen\u00ed patentu, z\u00e1pisu pr\u016fmyslov\u00e9ho vzoru, u\u017eitn\u00e9ho vzoru \u010di ochrann\u00e9 zn\u00e1mky), d\u00e1le p\u0159eklady (p\u0159eklady dokumentace pro \u00fa\u010dely \u0159\u00edzen\u00ed o ud\u011blen\u00ed patentu, z\u00e1pisu\u00a0 pr\u016fmyslov\u00e9ho vzoru, u\u017eitn\u00e9ho vzoru \u010di ochrann\u00e9 zn\u00e1mky v\u00a0zahrani\u010d\u00ed), spr\u00e1vn\u00ed poplatky (spr\u00e1vn\u00ed poplatky hrazen\u00e9 p\u0159\u00edslu\u0161n\u00e9mu \u00fa\u0159adu ochrany pr\u016fmyslov\u00e9ho vlastnictv\u00ed). N\u00e1klady mus\u00ed bezprost\u0159edn\u011b souviset s\u00a0projektem a mus\u00ed b\u00fdt vynalo\u017eeny nejd\u0159\u00edve v\u00a0den pod\u00e1n\u00ed \u017e\u00e1dosti o podporu.<\/p>\n<ul style=\"text-align: left;\">\n<li style=\"text-align: justify;\"><strong>Od kter\u00e9ho data mohu n\u00e1rokovat dotaci na v\u00fddaje, kter\u00e9 jsou sou\u010d\u00e1st\u00ed projektu na ochranu pr\u00e1v pr\u016fmyslov\u00e9ho vlastnictv\u00ed?<\/strong><\/li>\n<\/ul>\n<p style=\"text-align: left;\">Obecn\u011b je za po\u010d\u00e1tek zp\u016fsobilosti v\u00fddaj\u016f spojen\u00fdch s projektem pova\u017eov\u00e1no datum pod\u00e1n\u00ed \u017e\u00e1dosti o podporu.<\/p>\n<ul style=\"text-align: left;\">\n<li style=\"text-align: justify;\"><strong>Kter\u00fdmi dokumenty se m\u00e1m \u0159\u00eddit p\u0159i p\u0159\u00edprav\u011b sv\u00e9ho projektu?<\/strong><\/li>\n<\/ul>\n<p style=\"text-align: left;\">Mezi st\u011b\u017eejn\u00ed dokumenty obecn\u011b pat\u0159\u00ed zn\u011bn\u00ed programu INOVACE, zejm\u00e9na v\u0161ak aktu\u00e1ln\u00ed v\u00fdzva INOVACE \u2013 Projekty na ochranu pr\u00e1v pr\u016fmyslov\u00e9ho vlastnictv\u00ed a P\u0159\u00edloha \u010d. 2 Pravidla pro \u017eadatele a p\u0159\u00edjemce \u2013 zvl\u00e1\u0161tn\u00ed \u010d\u00e1st, kde je pops\u00e1n p\u0159esn\u00fd postup, jak podat \u017e\u00e1dost o podporu. Tyto a dal\u0161\u00ed d\u016fle\u017eit\u00e9 dokumenty budou k\u00a0dispozici v\u017edy v\u00a0okam\u017eiku vyhl\u00e1\u0161en\u00ed v\u00fdzvy k programu INOVACE na webov\u00fdch str\u00e1nk\u00e1ch API\u00a0a Ministerstva pr\u016fmyslu a obchodu.<\/p>\n<ul style=\"text-align: left;\">\n<li style=\"text-align: justify;\"><strong>Co je pova\u017eov\u00e1no za jeden projekt?<\/strong><\/li>\n<\/ul>\n<p style=\"text-align: left;\">Jeden\u00a0projekt je jedna \u017e\u00e1dost o podporu s\u00a0min. zp\u016fsobil\u00fdmi v\u00fddaji 200\u00a0000 K\u010d. P\u0159edm\u011btem projektu m\u016f\u017ee b\u00fdt sou\u010dasn\u011b zve\u0159ejn\u011bn\u00ed p\u0159ihl\u00e1\u0161ky vyn\u00e1lezu, ud\u011blen\u00ed vyn\u00e1lezu\/patentu, ochrann\u00e9 zn\u00e1mky, pr\u016fmyslov\u00e9ho nebo u\u017eitn\u00e9ho vzoru. Podm\u00ednkou je v\u0161ak uplatn\u011bn\u00ed konkr\u00e9tn\u00ed pr\u016fmyslov\u00e9 ochrany \u2013 konkr\u00e9tn\u00edho technick\u00e9 \u0159e\u0161en\u00ed v\u00a0r\u00e1mci jednoho projektu.<\/p>\n<p>P\u0159\u00edklad \u2013 ud\u011blen\u00ed patentu \u2013 technick\u00e9 \u0159e\u0161en\u00ed ABC je nutn\u00e9 uplatnit v\u00a0jednom projektu. Nelze nastavit jeden projekt na Patent ABC v\u00a0\u010cR a pozd\u011bji podat nov\u00fd projekt na Patent ABC v\u00a0dal\u0161\u00edch zem\u00edch \u010di U\u017eitn\u00fd vzor ABC.<\/p>\n<ul style=\"text-align: left;\">\n<li style=\"text-align: justify;\"><strong>Mohu po z\u00edsk\u00e1n\u00ed dotace voln\u011b nakl\u00e1dat s danou ochranou pr\u016fmyslov\u00e9ho vlastnictv\u00ed (nap\u0159. prodat patent, poskytnout licenci)?<\/strong><\/li>\n<\/ul>\n<p style=\"text-align: left;\">V\u00a0r\u00e1mci programu nen\u00ed stanoveno \u017e\u00e1dn\u00e9 omezen\u00ed na pozd\u011bj\u0161\u00ed nakl\u00e1d\u00e1n\u00ed se z\u00edskanou ochranou pr\u016fmyslov\u00e9ho vlastnictv\u00ed.<\/p>\n<ul style=\"text-align: left;\">\n<li style=\"text-align: justify;\"><strong>Je mo\u017en\u00e9 podat p\u0159ihl\u00e1\u0161ku k pr\u016fmyslov\u00e9 ochran\u011b p\u0159ed datem zp\u016fsobilosti v\u00fddaj\u016f s t\u00edm, \u017ee zp\u016fsobil\u00e9 v\u00fddaje vzniknou a\u017e po pod\u00e1n\u00ed \u017e\u00e1dosti o podporu?<\/strong><\/li>\n<\/ul>\n<p style=\"text-align: left;\">Toto mo\u017en\u00e9 nen\u00ed. Datum zp\u016fsobilosti v\u00fddaj\u016f vznik\u00e1 dnem pod\u00e1n\u00ed \u017e\u00e1dosti o podporu, proto mus\u00ed b\u00fdt smlouva \u010di objedn\u00e1vka uzav\u0159ena \u00a0po datu pod\u00e1n\u00ed \u017e\u00e1dosti o podporu.<\/p>\n<ul>\n<li><strong>M\u00e1m-li podan\u00fd projekt ve V\u00fdzv\u011b II programu Inovace \u2013 Projekt na ochranu pr\u00e1v pr\u016fmyslov\u00e9ho vlastnictv\u00ed, mohu podat nov\u00fd projekt v\u00a0r\u00e1mci nov\u00e9 v\u00fdzvy?<\/strong><\/li>\n<\/ul>\n<p>Ano, je mo\u017en\u00e9 podat nov\u00fd projekt, av\u0161ak pouze na nov\u00e9 technick\u00e9 \u0159e\u0161en\u00ed.<\/p>\n<p>Nen\u00ed mo\u017en\u00e9 podpo\u0159it nov\u00fd projekt, kter\u00fdm by do\u0161lo nap\u0159. k\u00a0roz\u0161\u00ed\u0159en\u00ed patentu do zahrani\u010d\u00ed u toto\u017en\u00e9ho technick\u00e9ho \u0159e\u0161en\u00ed u ji\u017e podan\u00e9ho projektu.<\/p>","protected":false},"excerpt":{"rendered":"<p>V jak\u00fdch odv\u011btv\u00ed mohou b\u00fdt projekty realizov\u00e1ny? V\u00a0r\u00e1mci programu INOVACE &#8211; Projekty na ochranu pr\u00e1v pr\u016fmyslov\u00e9ho vlastnictv\u00ed nen\u00ed stanoveno \u017e\u00e1dn\u00e9 odv\u011btvov\u00e9 omezen\u00ed nad r\u00e1mec na\u0159\u00edzen\u00ed Evropsk\u00e9 komise uveden\u00e9ho v\u00a0programu. Podporov\u00e1ny nejsou pouze projekty s\u00a0v\u00fdstupy v\u00a0zem\u011bd\u011blstv\u00ed, lesnictv\u00ed, rybolovu akvakultu\u0159e (CZ-NACE A 01, A 02, A 03) a v\u00fdroba, zpracov\u00e1n\u00ed a uv\u00e1d\u011bn\u00ed na trh v\u00fdrobk\u016f uveden\u00fdch\u00a0v\u00a0P\u0159\u00edloze I [&hellip;]<\/p>\n","protected":false},"author":1,"featured_media":0,"parent":422,"menu_order":28,"comment_status":"closed","ping_status":"closed","template":"","meta":{"inline_featured_image":false,"footnotes":""},"class_list":["post-1236","page","type-page","status-publish","hentry"],"publishpress_future_action":{"enabled":false,"date":"2026-05-09 15:28:37","action":"change-status","newStatus":"draft","terms":[],"taxonomy":"","extraData":[]},"publishpress_future_workflow_manual_trigger":{"enabledWorkflows":[]},"_links":{"self":[{"href":"https:\/\/apiagentura.gov.cz\/cs\/wp-json\/wp\/v2\/pages\/1236","targetHints":{"allow":["GET"]}}],"collection":[{"href":"https:\/\/apiagentura.gov.cz\/cs\/wp-json\/wp\/v2\/pages"}],"about":[{"href":"https:\/\/apiagentura.gov.cz\/cs\/wp-json\/wp\/v2\/types\/page"}],"author":[{"embeddable":true,"href":"https:\/\/apiagentura.gov.cz\/cs\/wp-json\/wp\/v2\/users\/1"}],"replies":[{"embeddable":true,"href":"https:\/\/apiagentura.gov.cz\/cs\/wp-json\/wp\/v2\/comments?post=1236"}],"version-history":[{"count":0,"href":"https:\/\/apiagentura.gov.cz\/cs\/wp-json\/wp\/v2\/pages\/1236\/revisions"}],"up":[{"embeddable":true,"href":"https:\/\/apiagentura.gov.cz\/cs\/wp-json\/wp\/v2\/pages\/422"}],"wp:attachment":[{"href":"https:\/\/apiagentura.gov.cz\/cs\/wp-json\/wp\/v2\/media?parent=1236"}],"curies":[{"name":"wp","href":"https:\/\/api.w.org\/{rel}","templated":true}]}}

FAQ &#8211; Program Inovace &#8211; Projekt na ochranu práv průmyslového vlastnictví

<p></p>
<ul>
<li style="text-align: left;"><strong>V jakých odvětví mohou být projekty realizovány?</strong></li>
</ul>
<p style="text-align: left;">V rámci programu INOVACE &#8211; Projekty na ochranu práv průmyslového vlastnictví není stanoveno žádné odvětvové omezení nad rámec nařízení Evropské komise uvedeného v programu. Podporovány nejsou pouze projekty s výstupy v zemědělství, lesnictví, rybolovu akvakultuře (CZ-NACE A 01, A 02, A 03) a výroba, zpracování a uvádění na trh výrobků uvedených v Příloze I Smlouvy o EU.</p>
<ul style="text-align: left;">
<li style="text-align: justify;"><strong>Kdo může být žadatelem?</strong></li>
</ul>
<p style="text-align: left;">Žadatelem mohou být malé a střední podniky, podnikající fyzické osoby, veřejné výzkumné instituce, vysoké školy a ostatní instituce terciárního vzdělávání.</p>
<ul style="text-align: left;">
<li style="text-align: justify;"><strong>Kde může být projekt realizován? Opět platí výjimka týkající se pouze Prahy?</strong></li>
</ul>
<p style="text-align: left;">Projekt musí být realizován na území České republiky mimo území hl. m. Prahy. U projektů na ochranu práv průmyslového vlastnictví je pro určení místa realizace projektu rozhodující sídlo příjemce dotace, případně adresa pracoviště příjemce dotace, v rámci jehož činnosti předmět ochrany průmyslového vlastnictví vznikl.</p>
<p style="text-align: left;">Pokud sídlo žadatele nesouhlasí s místem realizace projektu a zároveň se sídlo žadatele nachází na území hl.m. Prahy, je žadatel povinen přiložit k podávané žádosti o podporu Čestné prohlášení, ve kterém tuto skutečnost zdůvodní.</p>
<ul style="text-align: left;">
<li style="text-align: justify;"><strong>Jak dlouhá historie žadatele je vyžadována?</strong></li>
</ul>
<p style="text-align: left;">U výzvy VI. je požadována registrace jako poplatníka daně z příjmu v některém z členských států EU, a to nepřetržitě nejméně po dobu dvou uzavřených daňových období předcházejících datu podání žádosti o podporu. Tyto údaje jsou dostupné obchodního či z živnostenského rejstříku, není tedy do žádosti o podporu vyžadována další dokumentace.</p>
<ul style="text-align: left;">
<li style="text-align: justify;"><strong>Jaké typy aktivit budou podporovány?</strong></li>
</ul>
<p style="text-align: left;">Podporovanými aktivitami je podávání přihlášek vynálezů, dále zajištění ochrany průmyslového vlastnictví ve formě patentů, užitných vzorů průmyslových vzorů a ochranných známek v ČR i zahraničí.</p>
<ul style="text-align: left;">
<li style="text-align: justify;"><strong>Jaké jsou způsobilé výdaje v projektech na ochranu práv průmyslového vlastnictví?</strong></li>
</ul>
<p style="text-align: left;">Do způsobilých výdajů lze zahrnout výdaje na služby oprávněných zástupců (tzn. výdaje na služby patentových zástupců a advokátů spojené s řízením o udělení patentu, zápisu průmyslového vzoru, užitného vzoru či ochranné známky), dále překlady (překlady dokumentace pro účely řízení o udělení patentu, zápisu  průmyslového vzoru, užitného vzoru či ochranné známky v zahraničí), správní poplatky (správní poplatky hrazené příslušnému úřadu ochrany průmyslového vlastnictví). Náklady musí bezprostředně souviset s projektem a musí být vynaloženy nejdříve v den podání žádosti o podporu.</p>
<ul style="text-align: left;">
<li style="text-align: justify;"><strong>Od kterého data mohu nárokovat dotaci na výdaje, které jsou součástí projektu na ochranu práv průmyslového vlastnictví?</strong></li>
</ul>
<p style="text-align: left;">Obecně je za počátek způsobilosti výdajů spojených s projektem považováno datum podání žádosti o podporu.</p>
<ul style="text-align: left;">
<li style="text-align: justify;"><strong>Kterými dokumenty se mám řídit při přípravě svého projektu?</strong></li>
</ul>
<p style="text-align: left;">Mezi stěžejní dokumenty obecně patří znění programu INOVACE, zejména však aktuální výzva INOVACE – Projekty na ochranu práv průmyslového vlastnictví a Příloha č. 2 Pravidla pro žadatele a příjemce – zvláštní část, kde je popsán přesný postup, jak podat žádost o podporu. Tyto a další důležité dokumenty budou k dispozici vždy v okamžiku vyhlášení výzvy k programu INOVACE na webových stránkách API a Ministerstva průmyslu a obchodu.</p>
<ul style="text-align: left;">
<li style="text-align: justify;"><strong>Co je považováno za jeden projekt?</strong></li>
</ul>
<p style="text-align: left;">Jeden projekt je jedna žádost o podporu s min. způsobilými výdaji 200 000 Kč. Předmětem projektu může být současně zveřejnění přihlášky vynálezu, udělení vynálezu/patentu, ochranné známky, průmyslového nebo užitného vzoru. Podmínkou je však uplatnění konkrétní průmyslové ochrany – konkrétního technické řešení v rámci jednoho projektu.</p>
<p>Příklad – udělení patentu – technické řešení ABC je nutné uplatnit v jednom projektu. Nelze nastavit jeden projekt na Patent ABC v ČR a později podat nový projekt na Patent ABC v dalších zemích či Užitný vzor ABC.</p>
<ul style="text-align: left;">
<li style="text-align: justify;"><strong>Mohu po získání dotace volně nakládat s danou ochranou průmyslového vlastnictví (např. prodat patent, poskytnout licenci)?</strong></li>
</ul>
<p style="text-align: left;">V rámci programu není stanoveno žádné omezení na pozdější nakládání se získanou ochranou průmyslového vlastnictví.</p>
<ul style="text-align: left;">
<li style="text-align: justify;"><strong>Je možné podat přihlášku k průmyslové ochraně před datem způsobilosti výdajů s tím, že způsobilé výdaje vzniknou až po podání žádosti o podporu?</strong></li>
</ul>
<p style="text-align: left;">Toto možné není. Datum způsobilosti výdajů vzniká dnem podání žádosti o podporu, proto musí být smlouva či objednávka uzavřena  po datu podání žádosti o podporu.</p>
<ul>
<li><strong>Mám-li podaný projekt ve Výzvě II programu Inovace – Projekt na ochranu práv průmyslového vlastnictví, mohu podat nový projekt v rámci nové výzvy?</strong></li>
</ul>
<p>Ano, je možné podat nový projekt, avšak pouze na nové technické řešení.</p>
<p>Není možné podpořit nový projekt, kterým by došlo např. k rozšíření patentu do zahraničí u totožného technického řešení u již podaného projektu.</p>

<p>V jakých odvětví mohou být projekty realizovány? V rámci programu INOVACE &#8211; Projekty na ochranu práv průmyslového vlastnictví není stanoveno žádné odvětvové omezení nad rámec nařízení Evropské komise uvedeného v programu. Podporovány nejsou pouze projekty s výstupy v zemědělství, lesnictví, rybolovu akvakultuře (CZ-NACE A 01, A 02, A 03) a výroba, zpracování a uvádění na trh výrobků uvedených v Příloze I [&hellip;]</p>
