{"id":1297,"date":"2016-08-18T09:40:52","date_gmt":"2016-08-18T08:40:52","guid":{"rendered":"http:\/\/www.ci-api.stage2.goodshape.cz\/?page_id=1297"},"modified":"2019-05-30T15:27:39","modified_gmt":"2019-05-30T13:27:39","slug":"slovnicek-pojmu-c","status":"publish","type":"page","link":"https:\/\/apiagentura.gov.cz\/cs\/faq\/slovnicek-pojmu-c\/","title":{"rendered":"Slovn\u00ed\u010dek pojm\u016f &#8211; C"},"content":{"rendered":"<p><\/p>\n<h2>C<\/h2>\n<h4>Celkov\u00e1 u\u017eitn\u00e1 plocha Inova\u010dn\u00ed infrastruktury v m2<\/h4>\n<p>Jedn\u00e1 se o z\u00e1vazn\u00fd ukazatel.\u00a0 Je to sou\u010det podlahov\u00fdch ploch ve v\u0161ech podla\u017e\u00edch. Jedn\u00e1 se o plochy p\u016fdorysn\u00e9ho \u0159ezu m\u00edstnost\u00ed a prostor\u016f, kter\u00e9 jsou vymezeny vnit\u0159n\u00edm l\u00edcem svisl\u00fdch konstrukc\u00ed st\u011bn v\u010detn\u011b jejich povrchov\u00fdch \u00faprav; plocha schodi\u0161t\u011b, v\u00fdtah\u016f a \u0161achet se zapo\u010d\u00edt\u00e1v\u00e1 p\u016fdorysn\u00fdm pr\u016fm\u011btem jedenkr\u00e1t. Do ploch se nezapo\u010d\u00edt\u00e1v\u00e1 podzemn\u00ed, vnit\u0159n\u00ed parkovi\u0161t\u011b, balkony, terasy, nosn\u00e9 sloupy v m\u00edstnostech, p\u016fdorysn\u00e9 plochy obvodov\u00fdch zd\u00ed a p\u0159\u00ed\u010dky.<\/p>\n<h4><\/h4>\n<h4>Centra pro transfer technologi\u00ed<\/h4>\n<p>Napom\u00e1haj\u00ed p\u0159enosu nov\u00fdch a dosud nevyu\u017eit\u00fdch technologi\u00ed do firem.<\/p>\n<h4>Centra sd\u00edlen\u00fdch slu\u017eeb<\/h4>\n<p>Funk\u010dn\u011b samostatn\u00e1 jednotka, kter\u00e1 p\u0159eb\u00edr\u00e1 zodpov\u011bdnost za \u0159\u00edzen\u00ed, provoz a administraci ur\u010dit\u00e9 vnitropodnikov\u00e9 funkce. Centrum p\u0159eb\u00edr\u00e1 a sdru\u017euje v\u00fdkon t\u011bchto funkc\u00ed od mate\u0159sk\u00e9 firmy a\/nebo dce\u0159in\u00fdch spole\u010dnost\u00ed ve skupin\u011b \u010di od extern\u00edch z\u00e1kazn\u00edk\u016f (outsourcing), pro n\u011b\u017e nejsou hlavn\u00edm p\u0159edm\u011btem podnik\u00e1n\u00ed. \u010cinnosti spojen\u00e9 s v\u00fdkonem dot\u010den\u00fdch proces\u016f se potom pro tuto jednotku st\u00e1vaj\u00ed hlavn\u00edm p\u0159edm\u011btem jej\u00ed aktivity. Jedn\u00e1 se zejm\u00e9na o takov\u00e9 vnitropodnikov\u00e9 funkce jako \u00fa\u010detnictv\u00ed, finance, administrace v oblasti lidsk\u00fdch zdroj\u016f, spr\u00e1va informa\u010dn\u00edch syst\u00e9m\u016f a sofistikovan\u00e9 kreativn\u00ed aktivity jako nap\u0159. pr\u00e1ce grafik\u016f, anim\u00e1tor\u016f, projektant\u016f, konstrukt\u00e9r\u016f apod.<\/p>\n<h4><\/h4>\n<h4>CZ \u2013 NACE<\/h4>\n<p>Statistick\u00e1 klasifikace ekonomick\u00fdch \u010dinnost\u00ed, kterou pou\u017e\u00edv\u00e1 Evropsk\u00e1 unie. Podnikatelsk\u00e1 \u010dinnost subjekt\u016f, kter\u00e9 cht\u011bj\u00ed \u017e\u00e1dat o dotaci z\u00a0Opera\u010dn\u00edho programu Podnik\u00e1n\u00ed a inovace pro konkurenceschopnost, a projekt samotn\u00fd mus\u00ed sm\u011b\u0159ovat mezi podporovan\u00e9 kategorie ekonomick\u00fdch \u010dinnost\u00ed dle\u00a0<a href=\"http:\/\/www.czso.cz\/csu\/czso\/klasifikace_ekonomickych_cinnosti_cz_nace\" target=\"_blank\" rel=\"noopener\">CZ-NACE<\/a>. \u017dadatel\u00e9 mus\u00ed splnit podm\u00ednku odv\u011btvov\u00e9ho vymezen\u00ed v oboru CZ NACE bl\u00ed\u017ee specifikovan\u00e9 v ka\u017ed\u00e9m dota\u010dn\u00edm programu podpory a konkr\u00e9tn\u00ed V\u00fdzv\u011b k\u00a0p\u0159edkl\u00e1d\u00e1n\u00ed \u017d\u00e1dost\u00ed o podporu. Klasifikace CZ-NACE je k\u00a0dispozici na internetov\u00fdch str\u00e1nk\u00e1ch \u010cesk\u00e9ho statistick\u00e9ho \u00fa\u0159adu <a href=\"http:\/\/www.czso.cz\" target=\"_blank\" rel=\"noopener\">http:\/\/www.czso.cz<\/a>.<\/p>","protected":false},"excerpt":{"rendered":"<p>C Celkov\u00e1 u\u017eitn\u00e1 plocha Inova\u010dn\u00ed infrastruktury v m2 Jedn\u00e1 se o z\u00e1vazn\u00fd ukazatel.\u00a0 Je to sou\u010det podlahov\u00fdch ploch ve v\u0161ech podla\u017e\u00edch. Jedn\u00e1 se o plochy p\u016fdorysn\u00e9ho \u0159ezu m\u00edstnost\u00ed a prostor\u016f, kter\u00e9 jsou vymezeny vnit\u0159n\u00edm l\u00edcem svisl\u00fdch konstrukc\u00ed st\u011bn v\u010detn\u011b jejich povrchov\u00fdch \u00faprav; plocha schodi\u0161t\u011b, v\u00fdtah\u016f a \u0161achet se zapo\u010d\u00edt\u00e1v\u00e1 p\u016fdorysn\u00fdm pr\u016fm\u011btem jedenkr\u00e1t. Do ploch se [&hellip;]<\/p>\n","protected":false},"author":1,"featured_media":0,"parent":422,"menu_order":2,"comment_status":"closed","ping_status":"closed","template":"","meta":{"inline_featured_image":false,"footnotes":""},"class_list":["post-1297","page","type-page","status-publish","hentry"],"publishpress_future_action":{"enabled":false,"date":"2026-05-07 18:25:18","action":"change-status","newStatus":"draft","terms":[],"taxonomy":"","extraData":[]},"publishpress_future_workflow_manual_trigger":{"enabledWorkflows":[]},"_links":{"self":[{"href":"https:\/\/apiagentura.gov.cz\/cs\/wp-json\/wp\/v2\/pages\/1297","targetHints":{"allow":["GET"]}}],"collection":[{"href":"https:\/\/apiagentura.gov.cz\/cs\/wp-json\/wp\/v2\/pages"}],"about":[{"href":"https:\/\/apiagentura.gov.cz\/cs\/wp-json\/wp\/v2\/types\/page"}],"author":[{"embeddable":true,"href":"https:\/\/apiagentura.gov.cz\/cs\/wp-json\/wp\/v2\/users\/1"}],"replies":[{"embeddable":true,"href":"https:\/\/apiagentura.gov.cz\/cs\/wp-json\/wp\/v2\/comments?post=1297"}],"version-history":[{"count":0,"href":"https:\/\/apiagentura.gov.cz\/cs\/wp-json\/wp\/v2\/pages\/1297\/revisions"}],"up":[{"embeddable":true,"href":"https:\/\/apiagentura.gov.cz\/cs\/wp-json\/wp\/v2\/pages\/422"}],"wp:attachment":[{"href":"https:\/\/apiagentura.gov.cz\/cs\/wp-json\/wp\/v2\/media?parent=1297"}],"curies":[{"name":"wp","href":"https:\/\/api.w.org\/{rel}","templated":true}]}}

Slovníček pojmů &#8211; C

<p></p>
<h2>C</h2>
<h4>Celková užitná plocha Inovační infrastruktury v m2</h4>
<p>Jedná se o závazný ukazatel.  Je to součet podlahových ploch ve všech podlažích. Jedná se o plochy půdorysného řezu místností a prostorů, které jsou vymezeny vnitřním lícem svislých konstrukcí stěn včetně jejich povrchových úprav; plocha schodiště, výtahů a šachet se započítává půdorysným průmětem jedenkrát. Do ploch se nezapočítává podzemní, vnitřní parkoviště, balkony, terasy, nosné sloupy v místnostech, půdorysné plochy obvodových zdí a příčky.</p>
<h4></h4>
<h4>Centra pro transfer technologií</h4>
<p>Napomáhají přenosu nových a dosud nevyužitých technologií do firem.</p>
<h4>Centra sdílených služeb</h4>
<p>Funkčně samostatná jednotka, která přebírá zodpovědnost za řízení, provoz a administraci určité vnitropodnikové funkce. Centrum přebírá a sdružuje výkon těchto funkcí od mateřské firmy a/nebo dceřiných společností ve skupině či od externích zákazníků (outsourcing), pro něž nejsou hlavním předmětem podnikání. Činnosti spojené s výkonem dotčených procesů se potom pro tuto jednotku stávají hlavním předmětem její aktivity. Jedná se zejména o takové vnitropodnikové funkce jako účetnictví, finance, administrace v oblasti lidských zdrojů, správa informačních systémů a sofistikované kreativní aktivity jako např. práce grafiků, animátorů, projektantů, konstruktérů apod.</p>
<h4></h4>
<h4>CZ – NACE</h4>
<p>Statistická klasifikace ekonomických činností, kterou používá Evropská unie. Podnikatelská činnost subjektů, které chtějí žádat o dotaci z Operačního programu Podnikání a inovace pro konkurenceschopnost, a projekt samotný musí směřovat mezi podporované kategorie ekonomických činností dle <a href="http://www.czso.cz/csu/czso/klasifikace_ekonomickych_cinnosti_cz_nace" target="_blank" rel="noopener">CZ-NACE</a>. Žadatelé musí splnit podmínku odvětvového vymezení v oboru CZ NACE blíže specifikované v každém dotačním programu podpory a konkrétní Výzvě k předkládání Žádostí o podporu. Klasifikace CZ-NACE je k dispozici na internetových stránkách Českého statistického úřadu <a href="http://www.czso.cz" target="_blank" rel="noopener">http://www.czso.cz</a>.</p>

<p>C Celková užitná plocha Inovační infrastruktury v m2 Jedná se o závazný ukazatel.  Je to součet podlahových ploch ve všech podlažích. Jedná se o plochy půdorysného řezu místností a prostorů, které jsou vymezeny vnitřním lícem svislých konstrukcí stěn včetně jejich povrchových úprav; plocha schodiště, výtahů a šachet se započítává půdorysným průmětem jedenkrát. Do ploch se [&hellip;]</p>
