{"id":34947,"date":"2023-09-11T21:40:36","date_gmt":"2023-09-11T19:40:36","guid":{"rendered":"https:\/\/www.apiagentura.gov.cz\/?page_id=34947"},"modified":"2025-04-28T14:10:09","modified_gmt":"2025-04-28T12:10:09","slug":"sluzby-infrastruktury-iti-vyzva-i","status":"publish","type":"page","link":"https:\/\/apiagentura.gov.cz\/cs\/podporovane-aktivity-optak\/sluzby-infrastruktury-optak\/sluzby-infrastruktury-iti-vyzva-i\/","title":{"rendered":"Slu\u017eby infrastruktury &#8211; ITI &#8211; v\u00fdzva I"},"content":{"rendered":"<p><strong>Upozorn\u011bn\u00ed pro \u017eadatele a p\u0159\u00edjemce<\/strong><\/p>\n<p><strong>5. 9. 2024: Term\u00edn p\u0159\u00edjmu \u017e\u00e1dost\u00ed o podporu byl prodlou\u017een do 1. 11. 2024 v \u010dase 16:00 hod.<\/strong><\/p>\n<p><strong>24. 6. 2024:<\/strong> V souvislosti s novelou stavebn\u00edho z\u00e1kona byl aktualizov\u00e1n text I. V\u00fdzvy.<\/p>\n<p><strong>29. 5. 2024:<\/strong> aktualizace dokumentu <strong>Slu\u017eby infrastruktury &#8211; ITI &#8211; v\u00fdzva I.<\/strong> a p\u0159\u00edlohy v\u00fdzvy <strong>\u010d. 3 Vymezen\u00ed zp\u016fsobil\u00fdch v\u00fddaj\u016f,<\/strong> z d\u016fvodu nov\u011b platn\u00e9ho Na\u0159\u00edzen\u00ed Komise (EU) 2023\/2831 ze dne 13. prosince 2023 o pou\u017eit\u00ed \u010dl\u00e1nk\u016f 107 a 108 Smlouvy o fungov\u00e1n\u00ed Evropsk\u00e9 unie na podporu de minimis.<\/p>\n<table class=\"call-detail\" style=\"height: 72px; width: 70.0428%;\" width=\"749\">\n<tbody>\n<tr style=\"height: 24px;\">\n<td style=\"width: 33.3333%; height: 48px;\" rowspan=\"2\"><strong>Na co lze z\u00edskat podporu<\/strong>\u00a0(podporovan\u00e9 aktivity):<\/p>\n<p><strong>A: Poskytov\u00e1n\u00ed slu\u017eeb inova\u010dn\u00edm mal\u00fdm<\/strong><br \/>\n<strong>a st\u0159edn\u00edm podnik\u016fm.<\/strong><\/p>\n<ul>\n<li>Stimulace \u010dinnost\u00ed v oblasti VaVaI, navazov\u00e1n\u00ed a rozv\u00edjen\u00ed v\u00fdzkumn\u00e9 spolupr\u00e1ce.<\/li>\n<li>Podpora transferu v\u011bdeck\u00fdch a technologick\u00fdch poznatk\u016f.<\/li>\n<li>Komercializace v\u00fdsledk\u016f v\u00fdzkumu.<\/li>\n<li>Ochrana a vyu\u017eit\u00ed pr\u00e1v du\u0161evn\u00edho vlastnictv\u00ed.<\/li>\n<li>Zav\u00e1d\u011bn\u00ed a demonstrace nov\u00fdch technologi\u00ed a inovativn\u00edch \u0159e\u0161en\u00ed.<\/li>\n<li>Technick\u00e9 a technologick\u00e9 slu\u017eby<\/li>\n<li>Strategick\u00e9 \u0159\u00edzen\u00ed a management inovac\u00ed.<\/li>\n<li>Validace nov\u00fdch podnikatelsk\u00fdch model\u016f.<\/li>\n<li>P\u0159\u00edstup k mentor\u016fm, investor\u016fm a rizikov\u00e9mu kapit\u00e1lu.<\/li>\n<\/ul>\n<p><strong>B: Roz\u0161\u00ed\u0159en\u00ed prostor a modernizace otev\u0159en\u00e9 <\/strong><strong>VaI infrastruktury v\u010detn\u011b po\u0159\u00edzen\u00ed nov\u00e9ho <\/strong><strong>vybaven\u00ed nebo budov\u00e1n\u00ed nov\u00e9 otev\u0159en\u00e9 VaI <\/strong><strong>infrastruktury.<\/strong><\/p>\n<p><strong style=\"font-family: inherit; font-size: inherit;\">Kdo m\u016f\u017ee \u017e\u00e1dat<\/strong><span style=\"font-family: inherit; font-size: inherit;\">\u00a0(p\u0159\u00edjemci podpory):<\/span><\/p>\n<ul>\n<li>mal\u00e9 a st\u0159edn\u00ed podniky<\/li>\n<li>velk\u00e9 podniky<\/li>\n<li>v\u00fdzkumn\u00e9 organizace<\/li>\n<li>municipality<\/li>\n<\/ul>\n<p><strong>Syst\u00e9m sb\u011bru \u017e\u00e1dost\u00ed:<\/strong><\/p>\n<ul>\n<li>pr\u016fb\u011b\u017en\u00fd<\/li>\n<\/ul>\n<\/td>\n<td style=\"width: 33.9015%; height: 24px;\"><strong>Kolik lze z\u00edskat na jeden projekt\u00a0<\/strong>(forma a v\u00fd\u0161e podpory):<\/p>\n<ul>\n<li><strong>Aktivitu A: <\/strong>dotace na projekt je poskytov\u00e1na minim\u00e1ln\u011b ve v\u00fd\u0161i <strong>20 mil. K\u010d<\/strong>\u00a0a maxim\u00e1ln\u011b do v\u00fd\u0161e\u00a0<strong>30 mil. K\u010d<\/strong>.<\/li>\n<li><strong>Aktivitu B: <\/strong>dotace na projekt je poskytov\u00e1na minim\u00e1ln\u011b ve v\u00fd\u0161i <strong>10\u00a0mil. K\u010d<\/strong> a maxim\u00e1ln\u011b do v\u00fd\u0161e <strong>250\u00a0mil. K\u010d<\/strong>.<\/li>\n<\/ul>\n<p><strong>M\u00edra podpory:<\/strong><\/p>\n<ul>\n<li><strong>Aktivita A: 75 %<\/strong> z celkov\u00fdch ZV.<\/li>\n<li><strong style=\"font-family: inherit; font-size: inherit;\">Aktivita B: 25 % \u2013 50 %<\/strong><span style=\"font-family: inherit; font-size: inherit;\"> z celkov\u00fdch ZV.<\/span><\/li>\n<\/ul>\n<p>Podrobn\u011bj\u0161\u00ed informace viz V\u00fdzva, <a href=\"https:\/\/www.apiagentura.gov.cz\/wp-content\/uploads\/2023\/09\/sluzby-infrastruktury-iti-vyzva-i--op-tak-1.pdf\">bod 9.1.<\/a><\/td>\n<td style=\"width: 32.7651%; height: 24px;\"><img loading=\"lazy\" decoding=\"async\" class=\"alignnone wp-image-30028 size-full\" src=\"https:\/\/www.apiagentura.gov.cz\/wp-content\/uploads\/2022\/07\/optak-aktivita-1-sluzby-infrastruktury-660x660-1.png\" alt=\"\" width=\"660\" height=\"660\" srcset=\"https:\/\/apiagentura.gov.cz\/wp-content\/uploads\/2022\/07\/optak-aktivita-1-sluzby-infrastruktury-660x660-1.png 660w, https:\/\/apiagentura.gov.cz\/wp-content\/uploads\/2022\/07\/optak-aktivita-1-sluzby-infrastruktury-660x660-1-300x300.png 300w, https:\/\/apiagentura.gov.cz\/wp-content\/uploads\/2022\/07\/optak-aktivita-1-sluzby-infrastruktury-660x660-1-150x150.png 150w\" sizes=\"auto, (max-width: 660px) 100vw, 660px\" \/><\/td>\n<\/tr>\n<tr style=\"height: 24px;\">\n<td style=\"width: 33.9015%; height: 24px;\"><strong>Jak\u00e9 v\u00fddaje je mo\u017en\u00e9 podpo\u0159it\u00a0<\/strong>(zp\u016fsobil\u00e9 v\u00fddaje):<\/p>\n<p><strong>Pro Aktivitu A:<\/strong><\/p>\n<ul>\n<li>osobn\u00ed n\u00e1klady spojen\u00e9 s poskytov\u00e1n\u00edm specializovan\u00fdch slu\u017eeb kone\u010dn\u00fdm p\u0159\u00edjemc\u016fm<\/li>\n<li>extern\u00ed specializovan\u00e9 slu\u017eby<\/li>\n<li>dlouhodob\u00fd hmotn\u00fd a nehmotn\u00fd majetek<\/li>\n<li>marketing a propagace (de minimis)<\/li>\n<li>re\u017eijn\u00ed n\u00e1klady (15 % z osobn\u00edch n\u00e1klad\u016f)<\/li>\n<\/ul>\n<p><strong>Pro Aktivitu B:<\/strong><\/p>\n<ul>\n<li>v\u00fdzkumn\u00e1 za\u0159\u00edzen\u00ed, technologie a dal\u0161\u00ed vybaven\u00ed, budovy, pozemky, novostavby \u010di technick\u00e9 zhodnocen\u00ed budov apod.<\/li>\n<li>Patenty, licence a know-how, software apod.<\/li>\n<li>Projektov\u00e1 dokumentace (de minimis)<\/li>\n<\/ul>\n<p>&nbsp;<\/td>\n<td style=\"width: 32.7651%; height: 48px;\" rowspan=\"2\"><strong>Specifika a omezen\u00ed:<\/strong><\/p>\n<ul>\n<li>V\u00fdzva je zam\u011b\u0159ena na podporu integrovan\u00fdch projekt\u016f napl\u0148uj\u00edc\u00edch <span style=\"text-decoration: underline;\"><a href=\"https:\/\/mmr.cz\/cs\/microsites\/uzemni-dimenze\/regionalni-rozvoj\/iti\"><strong>integrovan\u00e9 \u00fazemn\u00ed investice<\/strong><\/a><\/span> (<strong>ITI<\/strong>) na z\u00e1klad\u011b schv\u00e1len\u00fdch Strategick\u00fdch r\u00e1mc\u016f \u00fazemn\u00edch strategi\u00ed jednotliv\u00fdch m\u011bstsk\u00fdch aglomerac\u00ed a Seznamu strategick\u00fdch projekt\u016f.<\/li>\n<li>Projekt mus\u00ed b\u00fdt uveden v <strong>seznamu strategick\u00fdch projekt\u016f<\/strong> p\u0159\u00edslu\u0161n\u00e9 aglomerace.<\/li>\n<li>\u017dadatel mus\u00ed v okam\u017eiku pod\u00e1n\u00ed \u017e\u00e1dosti o podporu p\u0159edlo\u017eit <strong>kladn\u00e9 stanovisko \u0158V dan\u00e9 aglomerace.<\/strong><\/li>\n<li>Projekt mus\u00ed b\u00fdt realizov\u00e1n na \u00fazem\u00ed \u010cR mimo NUTS 2 Praha.<\/li>\n<li>Nejzaz\u0161\u00ed datum pro ukon\u010den\u00ed fyzick\u00e9 realizace projektu je <strong>31. 12. 2027<\/strong>.<\/li>\n<\/ul>\n<p><strong>M\u00edra podpory pro aktivity B:<\/strong><\/p>\n<p><span style=\"font-family: inherit; font-size: inherit;\"><strong>50 %<\/strong> z prok\u00e1zan\u00fdch zp\u016fsobil\u00fdch v\u00fddaj\u016f v\u00a0p\u0159\u00edpad\u011b, \u017ee roz\u0161i\u0159ovan\u00e1 \u010di nov\u011b budovan\u00e1 VaI infrastruktura spl\u0148uje definici v\u00fdzkumn\u00e9 infrastruktury podle <strong>GBER bodu 91)<\/strong>.<\/span><\/p>\n<p><strong>25 % velk\u00fd podnik \/ 35 % st\u0159edn\u00ed podnik \/ 45 % mal\u00fd<\/strong>\u00a0<strong>podnik<\/strong>\u00a0v p\u0159\u00edpad\u011b, \u017ee roz\u0161i\u0159ovan\u00e1 \u010di nov\u011b budovan\u00e1 VaI infrastruktura spl\u0148uje definici infrastruktury pro testov\u00e1n\u00ed a experimenty podle\u00a0<strong>GBER bodu 98a)<\/strong>.<\/p>\n<p>M\u00edru podpory lze zv\u00fd\u0161it o dal\u0161\u00edch\u00a0<strong>5 procentn\u00edch bod\u016f<\/strong>\u00a0pro testovac\u00ed a experiment\u00e1ln\u00ed infrastruktury, jejich\u017e alespo\u0148\u00a0<strong>80 % ro\u010dn\u00ed kapacity<\/strong>\u00a0<strong>je p\u0159id\u011bleno mal\u00fdm a st\u0159edn\u00edm podnik\u016fm.<\/strong><\/p>\n<p><strong>V\u00fd\u0161e dotace pro aktivitu B:<\/strong><\/p>\n<ul>\n<li><strong>10 &#8211; 50 mil. K\u010d<\/strong> v p\u0159\u00edpad\u011b projekt\u016f neobsahuj\u00edc\u00edch stavebn\u00ed pr\u00e1ce;<\/li>\n<li><strong>20 &#8211; 250 mil. K\u010d<\/strong> v p\u0159\u00edpad\u011b projekt\u016f obsahuj\u00edc\u00edch stavebn\u00ed pr\u00e1ce<\/li>\n<\/ul>\n<\/td>\n<\/tr>\n<tr style=\"height: 24px;\">\n<td style=\"width: 67.2348%; height: 24px;\" colspan=\"2\"><img loading=\"lazy\" decoding=\"async\" class=\"alignnone wp-image-35174 size-full\" src=\"https:\/\/www.apiagentura.gov.cz\/wp-content\/uploads\/2023\/09\/web-vyzva-optak-si-iti-i.png\" alt=\"\" width=\"1072\" height=\"500\" srcset=\"https:\/\/apiagentura.gov.cz\/wp-content\/uploads\/2023\/09\/web-vyzva-optak-si-iti-i.png 1072w, https:\/\/apiagentura.gov.cz\/wp-content\/uploads\/2023\/09\/web-vyzva-optak-si-iti-i-300x140.png 300w, https:\/\/apiagentura.gov.cz\/wp-content\/uploads\/2023\/09\/web-vyzva-optak-si-iti-i-1024x478.png 1024w, https:\/\/apiagentura.gov.cz\/wp-content\/uploads\/2023\/09\/web-vyzva-optak-si-iti-i-768x358.png 768w\" sizes=\"auto, (max-width: 1072px) 100vw, 1072px\" \/><\/td>\n<\/tr>\n<\/tbody>\n<\/table>\n<p><\/p>","protected":false},"excerpt":{"rendered":"<p>V\u00fdzva je zam\u011b\u0159ena na podporu integrovan\u00fdch projekt\u016f napl\u0148uj\u00edc\u00edch integrovan\u00e9 \u00fazemn\u00ed investice (ITI), jejich\u017e c\u00edlem je zalo\u017een\u00ed a rozvoj v\u00fdzkumn\u00e9 a inova\u010dn\u00ed infrastruktury s otev\u0159en\u00fdm p\u0159\u00edstupem a zkvalit\u0148ov\u00e1n\u00ed jej\u00edch slu\u017eeb.<\/p>\n","protected":false},"author":1,"featured_media":0,"parent":30027,"menu_order":0,"comment_status":"closed","ping_status":"closed","template":"","meta":{"inline_featured_image":false,"footnotes":""},"class_list":["post-34947","page","type-page","status-publish","hentry"],"publishpress_future_action":{"enabled":false,"date":"2026-05-06 23:29:00","action":"change-status","newStatus":"draft","terms":[],"taxonomy":"","extraData":[]},"publishpress_future_workflow_manual_trigger":{"enabledWorkflows":[]},"_links":{"self":[{"href":"https:\/\/apiagentura.gov.cz\/cs\/wp-json\/wp\/v2\/pages\/34947","targetHints":{"allow":["GET"]}}],"collection":[{"href":"https:\/\/apiagentura.gov.cz\/cs\/wp-json\/wp\/v2\/pages"}],"about":[{"href":"https:\/\/apiagentura.gov.cz\/cs\/wp-json\/wp\/v2\/types\/page"}],"author":[{"embeddable":true,"href":"https:\/\/apiagentura.gov.cz\/cs\/wp-json\/wp\/v2\/users\/1"}],"replies":[{"embeddable":true,"href":"https:\/\/apiagentura.gov.cz\/cs\/wp-json\/wp\/v2\/comments?post=34947"}],"version-history":[{"count":0,"href":"https:\/\/apiagentura.gov.cz\/cs\/wp-json\/wp\/v2\/pages\/34947\/revisions"}],"up":[{"embeddable":true,"href":"https:\/\/apiagentura.gov.cz\/cs\/wp-json\/wp\/v2\/pages\/30027"}],"wp:attachment":[{"href":"https:\/\/apiagentura.gov.cz\/cs\/wp-json\/wp\/v2\/media?parent=34947"}],"curies":[{"name":"wp","href":"https:\/\/api.w.org\/{rel}","templated":true}]}}

Služby infrastruktury &#8211; ITI &#8211; výzva I

<p><strong>Upozornění pro žadatele a příjemce</strong></p>
<p><strong>5. 9. 2024: Termín příjmu žádostí o podporu byl prodloužen do 1. 11. 2024 v čase 16:00 hod.</strong></p>
<p><strong>24. 6. 2024:</strong> V souvislosti s novelou stavebního zákona byl aktualizován text I. Výzvy.</p>
<p><strong>29. 5. 2024:</strong> aktualizace dokumentu <strong>Služby infrastruktury &#8211; ITI &#8211; výzva I.</strong> a přílohy výzvy <strong>č. 3 Vymezení způsobilých výdajů,</strong> z důvodu nově platného Nařízení Komise (EU) 2023/2831 ze dne 13. prosince 2023 o použití článků 107 a 108 Smlouvy o fungování Evropské unie na podporu de minimis.</p>
<table class="call-detail" style="height: 72px; width: 70.0428%;" width="749">
<tbody>
<tr style="height: 24px;">
<td style="width: 33.3333%; height: 48px;" rowspan="2"><strong>Na co lze získat podporu</strong> (podporované aktivity):</p>
<p><strong>A: Poskytování služeb inovačním malým</strong><br />
<strong>a středním podnikům.</strong></p>
<ul>
<li>Stimulace činností v oblasti VaVaI, navazování a rozvíjení výzkumné spolupráce.</li>
<li>Podpora transferu vědeckých a technologických poznatků.</li>
<li>Komercializace výsledků výzkumu.</li>
<li>Ochrana a využití práv duševního vlastnictví.</li>
<li>Zavádění a demonstrace nových technologií a inovativních řešení.</li>
<li>Technické a technologické služby</li>
<li>Strategické řízení a management inovací.</li>
<li>Validace nových podnikatelských modelů.</li>
<li>Přístup k mentorům, investorům a rizikovému kapitálu.</li>
</ul>
<p><strong>B: Rozšíření prostor a modernizace otevřené </strong><strong>VaI infrastruktury včetně pořízení nového </strong><strong>vybavení nebo budování nové otevřené VaI </strong><strong>infrastruktury.</strong></p>
<p><strong style="font-family: inherit; font-size: inherit;">Kdo může žádat</strong><span style="font-family: inherit; font-size: inherit;"> (příjemci podpory):</span></p>
<ul>
<li>malé a střední podniky</li>
<li>velké podniky</li>
<li>výzkumné organizace</li>
<li>municipality</li>
</ul>
<p><strong>Systém sběru žádostí:</strong></p>
<ul>
<li>průběžný</li>
</ul>
</td>
<td style="width: 33.9015%; height: 24px;"><strong>Kolik lze získat na jeden projekt </strong>(forma a výše podpory):</p>
<ul>
<li><strong>Aktivitu A: </strong>dotace na projekt je poskytována minimálně ve výši <strong>20 mil. Kč</strong> a maximálně do výše <strong>30 mil. Kč</strong>.</li>
<li><strong>Aktivitu B: </strong>dotace na projekt je poskytována minimálně ve výši <strong>10 mil. Kč</strong> a maximálně do výše <strong>250 mil. Kč</strong>.</li>
</ul>
<p><strong>Míra podpory:</strong></p>
<ul>
<li><strong>Aktivita A: 75 %</strong> z celkových ZV.</li>
<li><strong style="font-family: inherit; font-size: inherit;">Aktivita B: 25 % – 50 %</strong><span style="font-family: inherit; font-size: inherit;"> z celkových ZV.</span></li>
</ul>
<p>Podrobnější informace viz Výzva, <a href="https://www.apiagentura.gov.cz/wp-content/uploads/2023/09/sluzby-infrastruktury-iti-vyzva-i--op-tak-1.pdf">bod 9.1.</a></td>
<td style="width: 32.7651%; height: 24px;"><img loading="lazy" decoding="async" class="alignnone wp-image-30028 size-full" src="https://www.apiagentura.gov.cz/wp-content/uploads/2022/07/optak-aktivita-1-sluzby-infrastruktury-660x660-1.png" alt="" width="660" height="660" srcset="https://apiagentura.gov.cz/wp-content/uploads/2022/07/optak-aktivita-1-sluzby-infrastruktury-660x660-1.png 660w, https://apiagentura.gov.cz/wp-content/uploads/2022/07/optak-aktivita-1-sluzby-infrastruktury-660x660-1-300x300.png 300w, https://apiagentura.gov.cz/wp-content/uploads/2022/07/optak-aktivita-1-sluzby-infrastruktury-660x660-1-150x150.png 150w" sizes="auto, (max-width: 660px) 100vw, 660px" /></td>
</tr>
<tr style="height: 24px;">
<td style="width: 33.9015%; height: 24px;"><strong>Jaké výdaje je možné podpořit </strong>(způsobilé výdaje):</p>
<p><strong>Pro Aktivitu A:</strong></p>
<ul>
<li>osobní náklady spojené s poskytováním specializovaných služeb konečným příjemcům</li>
<li>externí specializované služby</li>
<li>dlouhodobý hmotný a nehmotný majetek</li>
<li>marketing a propagace (de minimis)</li>
<li>režijní náklady (15 % z osobních nákladů)</li>
</ul>
<p><strong>Pro Aktivitu B:</strong></p>
<ul>
<li>výzkumná zařízení, technologie a další vybavení, budovy, pozemky, novostavby či technické zhodnocení budov apod.</li>
<li>Patenty, licence a know-how, software apod.</li>
<li>Projektová dokumentace (de minimis)</li>
</ul>
<p>&nbsp;</td>
<td style="width: 32.7651%; height: 48px;" rowspan="2"><strong>Specifika a omezení:</strong></p>
<ul>
<li>Výzva je zaměřena na podporu integrovaných projektů naplňujících <span style="text-decoration: underline;"><a href="https://mmr.cz/cs/microsites/uzemni-dimenze/regionalni-rozvoj/iti"><strong>integrované územní investice</strong></a></span> (<strong>ITI</strong>) na základě schválených Strategických rámců územních strategií jednotlivých městských aglomerací a Seznamu strategických projektů.</li>
<li>Projekt musí být uveden v <strong>seznamu strategických projektů</strong> příslušné aglomerace.</li>
<li>Žadatel musí v okamžiku podání žádosti o podporu předložit <strong>kladné stanovisko ŘV dané aglomerace.</strong></li>
<li>Projekt musí být realizován na území ČR mimo NUTS 2 Praha.</li>
<li>Nejzazší datum pro ukončení fyzické realizace projektu je <strong>31. 12. 2027</strong>.</li>
</ul>
<p><strong>Míra podpory pro aktivity B:</strong></p>
<p><span style="font-family: inherit; font-size: inherit;"><strong>50 %</strong> z prokázaných způsobilých výdajů v případě, že rozšiřovaná či nově budovaná VaI infrastruktura splňuje definici výzkumné infrastruktury podle <strong>GBER bodu 91)</strong>.</span></p>
<p><strong>25 % velký podnik / 35 % střední podnik / 45 % malý</strong> <strong>podnik</strong> v případě, že rozšiřovaná či nově budovaná VaI infrastruktura splňuje definici infrastruktury pro testování a experimenty podle <strong>GBER bodu 98a)</strong>.</p>
<p>Míru podpory lze zvýšit o dalších <strong>5 procentních bodů</strong> pro testovací a experimentální infrastruktury, jejichž alespoň <strong>80 % roční kapacity</strong> <strong>je přiděleno malým a středním podnikům.</strong></p>
<p><strong>Výše dotace pro aktivitu B:</strong></p>
<ul>
<li><strong>10 &#8211; 50 mil. Kč</strong> v případě projektů neobsahujících stavební práce;</li>
<li><strong>20 &#8211; 250 mil. Kč</strong> v případě projektů obsahujících stavební práce</li>
</ul>
</td>
</tr>
<tr style="height: 24px;">
<td style="width: 67.2348%; height: 24px;" colspan="2"><img loading="lazy" decoding="async" class="alignnone wp-image-35174 size-full" src="https://www.apiagentura.gov.cz/wp-content/uploads/2023/09/web-vyzva-optak-si-iti-i.png" alt="" width="1072" height="500" srcset="https://apiagentura.gov.cz/wp-content/uploads/2023/09/web-vyzva-optak-si-iti-i.png 1072w, https://apiagentura.gov.cz/wp-content/uploads/2023/09/web-vyzva-optak-si-iti-i-300x140.png 300w, https://apiagentura.gov.cz/wp-content/uploads/2023/09/web-vyzva-optak-si-iti-i-1024x478.png 1024w, https://apiagentura.gov.cz/wp-content/uploads/2023/09/web-vyzva-optak-si-iti-i-768x358.png 768w" sizes="auto, (max-width: 1072px) 100vw, 1072px" /></td>
</tr>
</tbody>
</table>
<p></p>

<p>Výzva je zaměřena na podporu integrovaných projektů naplňujících integrované územní investice (ITI), jejichž cílem je založení a rozvoj výzkumné a inovační infrastruktury s otevřeným přístupem a zkvalitňování jejích služeb.</p>
