{"id":709,"date":"2016-08-10T15:56:33","date_gmt":"2016-08-10T14:56:33","guid":{"rendered":"http:\/\/www.ci-api.stage2.goodshape.cz\/?page_id=709"},"modified":"2020-07-01T11:04:48","modified_gmt":"2020-07-01T09:04:48","slug":"technologie-vyzva-iii","status":"publish","type":"page","link":"https:\/\/apiagentura.gov.cz\/cs\/programy-podpory\/technologie\/technologie-vyzva-iii\/","title":{"rendered":"Technologie &#8211; V\u00fdzva III"},"content":{"rendered":"<p><\/p>\n<h3>Upozorn\u011bn\u00ed pro p\u0159\u00edjemce<\/h3>\n<p style=\"text-align: justify;\">V souvislosti se snahou o eliminaci ekonomick\u00fdch dopad\u016f epidemie COVID-19 byla<strong> zavedena opat\u0159en\u00ed\u00a0t\u00fdkaj\u00edc\u00ed se vykazov\u00e1n\u00ed indik\u00e1tor\u016f povinn\u00fdch k napln\u011bn\u00ed, tzn. indik\u00e1tor\u016f 21404 Zm\u011bna tr\u017eeb p\u0159\u00edjemce v souvislosti s podporou a 10401 Po\u010det vytvo\u0159en\u00fdch pracovn\u00edch m\u00edst, programu Technologie OP\u00a0PIK. <\/strong>V\u00edce informac\u00ed <a href=\"https:\/\/www.apiagentura.gov.cz\/cs\/informace-o-opatreni-pro-zmirneni-ocekavanych-negativnich-ekonomickych-dopadu-epidemie-covid-pro-vyzvy-programu-podpory-technologie\/\">ZDE<\/a>.<\/p>\n<p>&nbsp;<\/p>\n<h3 style=\"text-align: justify;\">Upozorn\u011bn\u00ed pro \u017eadatele &#8211; aktualizace\u00a0p\u0159\u00edlohy \u010d.4 Pravidla pro \u017eadatele a p\u0159\u00edjemce z OP PIK &#8211; zvl\u00e1\u0161tn\u00ed \u010d\u00e1st:<\/h3>\n<p style=\"text-align: justify;\">V\u00e1\u017een\u00ed p\u0159\u00edjemci,<\/p>\n<p style=\"text-align: justify;\">dovolujeme si V\u00e1s informovat, \u017ee dne 25. 2. 2020 do\u0161lo k aktualizaci p\u0159\u00edlohy \u010d.4 Pravidla pro \u017eadatele a p\u0159\u00edjemce z OP PIK &#8211; zvl\u00e1\u0161tn\u00ed \u010d\u00e1st. Konkr\u00e9tn\u011b se jedn\u00e1 o dopln\u011bn\u00ed definice indik\u00e1toru 21404 o v\u011btu \u201eU projekt\u016f s CZANCE 46 a 47 (velko- a maloobchod) je indik\u00e1tor 21404 vykazov\u00e1n za prodej zbo\u017e\u00ed a u v\u0161ech ostatn\u00edch projekt\u016f za prodej v\u00fdrobk\u016f a slu\u017eeb.\u201c<\/p>\n<hr \/>\n<h3 style=\"text-align: left;\">Upozorn\u011bn\u00ed pro \u017eadatele &#8211;\u00a0nav\u00fd\u0161en\u00ed alokace:<\/h3>\n<p>\u0158\u00eddic\u00ed org\u00e1n OP PIK rozhodl na z\u00e1klad\u011b v\u00fdrazn\u00e9ho p\u0159evisu kvalitn\u00edch projekt\u016f v n\u00ed\u017ee uveden\u00fdch kolov\u00fdch v\u00fdzv\u00e1ch k p\u0159edkl\u00e1d\u00e1n\u00ed projekt\u016f a s ohledem na usnesen\u00ed vl\u00e1dy \u010cR \u010d. 4114\/2016 k V\u00fdro\u010dn\u00ed zpr\u00e1v\u011b o implementaci Dohody o partnerstv\u00ed v programov\u00e9m obdob\u00ed let 2014 a\u017e 2020 za rok 2015 <strong>o nav\u00fd\u0161en\u00ed alokace uveden\u00e9 ve vyhl\u00e1\u0161en\u00e9 v\u00fdzv\u011b Technologie III takto:<\/strong><\/p>\n<p>Pl\u00e1novan\u00e1 alokace v\u00fdzvy Technologie III, ozn\u00e1men\u00e1 dne 15. 12. 2015 ve v\u00fd\u0161i 1,5 mld. K\u010d <strong>se navy\u0161uje na celkov\u00e9 3,0 mld. K\u010d<\/strong>, s ohledem na t\u00e9m\u011b\u0159 \u010dty\u0159n\u00e1sobn\u00fd po\u017eadavek na dota\u010dn\u00ed prost\u0159edky z p\u0159edlo\u017een\u00fdch \u017e\u00e1dost\u00ed o podporu.<\/p>\n<hr \/>\n<h3 style=\"text-align: left;\">Upozorn\u011bn\u00ed pro \u017eadatele &#8211; Ukon\u010den\u00ed p\u0159\u00edjmu \u017d\u00e1dost\u00ed o podporu:<\/h3>\n<p style=\"text-align: left;\">V\u00e1\u017een\u00ed \u017eadatel\u00e9,<\/p>\n<p style=\"text-align: left;\">dovolujeme si v\u00e1s informovat, \u017ee dne 19. 1. v\u00a08:00 hod. do\u0161lo v\u00a0souladu s\u00a0pravidly V\u00fdzvy k ukon\u010den\u00ed p\u0159\u00edjmu \u017e\u00e1dost\u00ed o podporu v\u00a0programu Technologie \u2013 V\u00fdzva III z\u00a0d\u016fvodu dosa\u017een\u00ed alokace 3 mld. K\u010d. Nen\u00ed tedy ji\u017e mo\u017en\u00e9 v\u00a0r\u00e1mci t\u00e9to v\u00fdzvy podat \u017e\u00e1dost o podporu. D\u011bkujeme za pochopen\u00ed.<\/p>\n<hr \/>\n<h3 style=\"text-align: left;\">Upozorn\u011bn\u00ed pro \u017eadatele &#8211; garance p\u0159\u00edjmu \u017d\u00e1dost\u00ed o podporu do 19. 1. 2016:<\/h3>\n<p style=\"text-align: left;\">V\u00e1\u017een\u00ed \u017eadatel\u00e9,<\/p>\n<p style=\"text-align: left;\">v\u00a0souvislosti s\u00a0pr\u00e1v\u011b prob\u00edhaj\u00edc\u00edm p\u0159\u00edjmem \u017e\u00e1dost\u00ed o podporu v\u00a0programu Technologie III V\u00e1s informujeme, \u017ee jejich p\u0159\u00edjem je garantov\u00e1n poskytovatelem dotace pouze do 19.1.2016 do 8:00. S\u00a0p\u0159ihl\u00e9dnut\u00edm k\u00a0aktu\u00e1ln\u00edmu v\u00fdvoji objemu ji\u017e podan\u00fdch \u017e\u00e1dost\u00ed lze o\u010dek\u00e1vat, \u017ee podm\u00ednka pro zastaven\u00ed p\u0159\u00edjmu \u017e\u00e1dost\u00ed p\u0159i dosa\u017een\u00ed alokace 3 mld. K\u010d bude do t\u00e9to doby napln\u011bna a pod\u00e1n\u00ed \u017e\u00e1dost\u00ed po 8:00 dne 19.1.2016 nebude ji\u017e mo\u017en\u00e9.<\/p>\n<hr \/>\n<h3 style=\"text-align: left;\">Z\u00e1kladn\u00ed charakteristiky:<\/h3>\n<p style=\"text-align: left;\"><strong>Kdo m\u016f\u017ee \u017e\u00e1dat\u00a0(p\u0159\u00edjemci podpory):\u00a0\u00a0<\/strong><\/p>\n<ul style=\"text-align: left;\">\n<li style=\"text-align: justify;\">podnikaj\u00edc\u00ed fyzick\u00e1 a pr\u00e1vnick\u00e1 osoba (MSP), kter\u00e1 spl\u0148uje definici vymezenou Na\u0159\u00edzen\u00edm Komise (EU) 651\/2014<\/li>\n<\/ul>\n<p style=\"text-align: left;\"><strong>Kolik lze z\u00edskat na jeden projekt\u00a0(forma a v\u00fd\u0161e podpory):<\/strong><\/p>\n<ul style=\"text-align: left;\">\n<li style=\"text-align: justify;\">dotace na projekt je poskytov\u00e1na minim\u00e1ln\u011b ve v\u00fd\u0161i 1 mil. K\u010d a maxim\u00e1ln\u011b do v\u00fd\u0161e 30 mil. K\u010d<\/li>\n<li style=\"text-align: justify;\">m\u00edra podpory: v \u017e\u00e1dosti bude dotace v\u017edy uvedena jako \u010d\u00e1stka rovnaj\u00edc\u00ed se maxim\u00e1ln\u011b 35% (st\u0159edn\u00ed podnik) nebo maxim\u00e1ln\u011b 45 % (mal\u00fd podnik) zp\u016fsobil\u00fdch v\u00fddaj\u016f<\/li>\n<\/ul>\n<p style=\"text-align: left;\"><strong>Na co lze z\u00edskat podporu\u00a0(podporovan\u00e9 aktivity):<\/strong><\/p>\n<ul style=\"text-align: left;\">\n<li style=\"text-align: justify;\">po\u0159\u00edzen\u00ed nov\u00fdch stroj\u016f, technologick\u00fdch za\u0159\u00edzen\u00ed a vybaven\u00ed<\/li>\n<li style=\"text-align: justify;\">podporov\u00e1na bude ekonomick\u00e1 \u010dinnost vymezen\u00e1 seznamem podporovan\u00fdch ekonomick\u00fdch \u010dinnost\u00ed podle CZ-NACE, kter\u00fd je uveden v P\u0159\u00edloze \u010d. 1 V\u00fdzvy<\/li>\n<\/ul>\n<p style=\"text-align: left;\"><strong>Jak\u00e9 v\u00fddaje je mo\u017en\u00e9 podpo\u0159it\u00a0(zp\u016fsobil\u00e9 v\u00fddaje):<\/strong><\/p>\n<ul style=\"text-align: left;\">\n<li style=\"text-align: justify;\">dlouhodob\u00fd hmotn\u00fd majetek (hmotn\u00fd majetek u p\u0159\u00edjemc\u016f vedouc\u00edch da\u0148ovou evidenci) &#8211; n\u00e1kup stroj\u016f, za\u0159\u00edzen\u00ed, technologi\u00ed, HW, kter\u00e9 nebyly p\u0159edm\u011btem odpisu, v\u010detn\u011b nezbytn\u00e9ho software zaji\u0161\u0165uj\u00edc\u00edho jejich funk\u010dnost<\/li>\n<li style=\"text-align: justify;\">dlouhodob\u00fd nehmotn\u00fd majetek &#8211; n\u00e1klady na po\u0159\u00edzen\u00ed patentov\u00fdch licenc\u00ed, SW nezbytn\u00fdch pro \u0159\u00e1dn\u00fd provoz stroj\u016f a za\u0159\u00edzen\u00ed po\u0159\u00edzen\u00fdch v r\u00e1mci p\u0159edm\u011btn\u00e9ho projektu<\/li>\n<\/ul>\n<p style=\"text-align: left;\"><strong>Specifika a omezen\u00ed:<\/strong><\/p>\n<ul style=\"text-align: left;\">\n<li style=\"text-align: justify;\">projekt mus\u00ed b\u00fdt realizov\u00e1n na \u00fazem\u00ed \u010cR v podporovan\u00fdch regionech vymezen\u00fdch v p\u0159\u00edloze \u010d. 2<\/li>\n<\/ul>\n<p style=\"text-align: left;\"><strong>Syst\u00e9m sb\u011bru \u017e\u00e1dost\u00ed:<\/strong><\/p>\n<ul>\n<li style=\"text-align: left;\">kolov\u00fd<\/li>\n<\/ul>\n<p><\/p>","protected":false},"excerpt":{"rendered":"<p>C\u00edlem III. V\u00fdzvy programu Technologie je podpora r\u016fstu a posilov\u00e1n\u00ed konkurenceschopnosti mal\u00fdch a st\u0159edn\u00edch podnik\u016f (MSP) a p\u0159isp\u00edvat tak k rozvoji region\u016f a zvy\u0161ov\u00e1n\u00ed zam\u011bstnanosti.<\/p>\n","protected":false},"author":1,"featured_media":0,"parent":124,"menu_order":0,"comment_status":"closed","ping_status":"closed","template":"","meta":{"inline_featured_image":false,"footnotes":""},"class_list":["post-709","page","type-page","status-publish","hentry"],"publishpress_future_action":{"enabled":false,"date":"2026-05-02 06:18:55","action":"change-status","newStatus":"draft","terms":[],"taxonomy":"","extraData":[]},"publishpress_future_workflow_manual_trigger":{"enabledWorkflows":[]},"_links":{"self":[{"href":"https:\/\/apiagentura.gov.cz\/cs\/wp-json\/wp\/v2\/pages\/709","targetHints":{"allow":["GET"]}}],"collection":[{"href":"https:\/\/apiagentura.gov.cz\/cs\/wp-json\/wp\/v2\/pages"}],"about":[{"href":"https:\/\/apiagentura.gov.cz\/cs\/wp-json\/wp\/v2\/types\/page"}],"author":[{"embeddable":true,"href":"https:\/\/apiagentura.gov.cz\/cs\/wp-json\/wp\/v2\/users\/1"}],"replies":[{"embeddable":true,"href":"https:\/\/apiagentura.gov.cz\/cs\/wp-json\/wp\/v2\/comments?post=709"}],"version-history":[{"count":0,"href":"https:\/\/apiagentura.gov.cz\/cs\/wp-json\/wp\/v2\/pages\/709\/revisions"}],"up":[{"embeddable":true,"href":"https:\/\/apiagentura.gov.cz\/cs\/wp-json\/wp\/v2\/pages\/124"}],"wp:attachment":[{"href":"https:\/\/apiagentura.gov.cz\/cs\/wp-json\/wp\/v2\/media?parent=709"}],"curies":[{"name":"wp","href":"https:\/\/api.w.org\/{rel}","templated":true}]}}

Technologie &#8211; Výzva III

<p></p>
<h3>Upozornění pro příjemce</h3>
<p style="text-align: justify;">V souvislosti se snahou o eliminaci ekonomických dopadů epidemie COVID-19 byla<strong> zavedena opatření týkající se vykazování indikátorů povinných k naplnění, tzn. indikátorů 21404 Změna tržeb příjemce v souvislosti s podporou a 10401 Počet vytvořených pracovních míst, programu Technologie OP PIK. </strong>Více informací <a href="https://www.apiagentura.gov.cz/cs/informace-o-opatreni-pro-zmirneni-ocekavanych-negativnich-ekonomickych-dopadu-epidemie-covid-pro-vyzvy-programu-podpory-technologie/">ZDE</a>.</p>
<p>&nbsp;</p>
<h3 style="text-align: justify;">Upozornění pro žadatele &#8211; aktualizace přílohy č.4 Pravidla pro žadatele a příjemce z OP PIK &#8211; zvláštní část:</h3>
<p style="text-align: justify;">Vážení příjemci,</p>
<p style="text-align: justify;">dovolujeme si Vás informovat, že dne 25. 2. 2020 došlo k aktualizaci přílohy č.4 Pravidla pro žadatele a příjemce z OP PIK &#8211; zvláštní část. Konkrétně se jedná o doplnění definice indikátoru 21404 o větu „U projektů s CZANCE 46 a 47 (velko- a maloobchod) je indikátor 21404 vykazován za prodej zboží a u všech ostatních projektů za prodej výrobků a služeb.“</p>
<hr />
<h3 style="text-align: left;">Upozornění pro žadatele &#8211; navýšení alokace:</h3>
<p>Řídicí orgán OP PIK rozhodl na základě výrazného převisu kvalitních projektů v níže uvedených kolových výzvách k předkládání projektů a s ohledem na usnesení vlády ČR č. 4114/2016 k Výroční zprávě o implementaci Dohody o partnerství v programovém období let 2014 až 2020 za rok 2015 <strong>o navýšení alokace uvedené ve vyhlášené výzvě Technologie III takto:</strong></p>
<p>Plánovaná alokace výzvy Technologie III, oznámená dne 15. 12. 2015 ve výši 1,5 mld. Kč <strong>se navyšuje na celkové 3,0 mld. Kč</strong>, s ohledem na téměř čtyřnásobný požadavek na dotační prostředky z předložených žádostí o podporu.</p>
<hr />
<h3 style="text-align: left;">Upozornění pro žadatele &#8211; Ukončení příjmu Žádostí o podporu:</h3>
<p style="text-align: left;">Vážení žadatelé,</p>
<p style="text-align: left;">dovolujeme si vás informovat, že dne 19. 1. v 8:00 hod. došlo v souladu s pravidly Výzvy k ukončení příjmu žádostí o podporu v programu Technologie – Výzva III z důvodu dosažení alokace 3 mld. Kč. Není tedy již možné v rámci této výzvy podat žádost o podporu. Děkujeme za pochopení.</p>
<hr />
<h3 style="text-align: left;">Upozornění pro žadatele &#8211; garance příjmu Žádostí o podporu do 19. 1. 2016:</h3>
<p style="text-align: left;">Vážení žadatelé,</p>
<p style="text-align: left;">v souvislosti s právě probíhajícím příjmem žádostí o podporu v programu Technologie III Vás informujeme, že jejich příjem je garantován poskytovatelem dotace pouze do 19.1.2016 do 8:00. S přihlédnutím k aktuálnímu vývoji objemu již podaných žádostí lze očekávat, že podmínka pro zastavení příjmu žádostí při dosažení alokace 3 mld. Kč bude do této doby naplněna a podání žádostí po 8:00 dne 19.1.2016 nebude již možné.</p>
<hr />
<h3 style="text-align: left;">Základní charakteristiky:</h3>
<p style="text-align: left;"><strong>Kdo může žádat (příjemci podpory):  </strong></p>
<ul style="text-align: left;">
<li style="text-align: justify;">podnikající fyzická a právnická osoba (MSP), která splňuje definici vymezenou Nařízením Komise (EU) 651/2014</li>
</ul>
<p style="text-align: left;"><strong>Kolik lze získat na jeden projekt (forma a výše podpory):</strong></p>
<ul style="text-align: left;">
<li style="text-align: justify;">dotace na projekt je poskytována minimálně ve výši 1 mil. Kč a maximálně do výše 30 mil. Kč</li>
<li style="text-align: justify;">míra podpory: v žádosti bude dotace vždy uvedena jako částka rovnající se maximálně 35% (střední podnik) nebo maximálně 45 % (malý podnik) způsobilých výdajů</li>
</ul>
<p style="text-align: left;"><strong>Na co lze získat podporu (podporované aktivity):</strong></p>
<ul style="text-align: left;">
<li style="text-align: justify;">pořízení nových strojů, technologických zařízení a vybavení</li>
<li style="text-align: justify;">podporována bude ekonomická činnost vymezená seznamem podporovaných ekonomických činností podle CZ-NACE, který je uveden v Příloze č. 1 Výzvy</li>
</ul>
<p style="text-align: left;"><strong>Jaké výdaje je možné podpořit (způsobilé výdaje):</strong></p>
<ul style="text-align: left;">
<li style="text-align: justify;">dlouhodobý hmotný majetek (hmotný majetek u příjemců vedoucích daňovou evidenci) &#8211; nákup strojů, zařízení, technologií, HW, které nebyly předmětem odpisu, včetně nezbytného software zajišťujícího jejich funkčnost</li>
<li style="text-align: justify;">dlouhodobý nehmotný majetek &#8211; náklady na pořízení patentových licencí, SW nezbytných pro řádný provoz strojů a zařízení pořízených v rámci předmětného projektu</li>
</ul>
<p style="text-align: left;"><strong>Specifika a omezení:</strong></p>
<ul style="text-align: left;">
<li style="text-align: justify;">projekt musí být realizován na území ČR v podporovaných regionech vymezených v příloze č. 2</li>
</ul>
<p style="text-align: left;"><strong>Systém sběru žádostí:</strong></p>
<ul>
<li style="text-align: left;">kolový</li>
</ul>
<p></p>

<p>Cílem III. Výzvy programu Technologie je podpora růstu a posilování konkurenceschopnosti malých a středních podniků (MSP) a přispívat tak k rozvoji regionů a zvyšování zaměstnanosti.</p>
